late k(m).
1
Let o(c) = c**2 + 4*c + 3. Let d(w) = w**3 + 9*w**2 + w + 7. Let g be d(-9). Give o(g).
-1
Suppose -5*u = 14 + 6. Let w(z) = z**2 + 5*z + 5. Give w(u).
1
Suppose 2*k = -3*t + 32, t + k = 2*t - 4. Let n(y) = -y**3 + 9*y**2 - 8*y + 6. Calculate n(t).
6
Let a(q) be the third derivative of q**4/8 - q**3/3 + 7*q**2. What is a(3)?
7
Let x be (-1*3)/((-9)/6). Let m(c) = 5*c + 1. What is m(x)?
11
Let p(b) be the first derivative of -b**4/12 + b**3/2 + b**2/2 + 8*b + 4. Let f(q) be the first derivative of p(q). Calculate f(4).
-3
Let t = 10 + -15. Let k(q) be the second derivative of q**4/12 + 5*q**3/6 + 5*q**2/2 - 18*q. Determine k(t).
5
Let t(u) = -u**3 - 8*u**2 + 8*u - 1. Suppose 37 - 1 = -4*q. Calculate t(q).
8
Let f(s) = s**3 + 3*s - 1 - s**2 - 3 - s - 5*s. What is f(3)?
5
Let k(o) = 6*o**3 + 15*o**2 + 6*o - 16. Let p(z) = -z + 0 - 3*z**2 + 0*z**3 + 3 - z**3. Let h = 1 + 10. Let w(b) = h*p(b) + 2*k(b). What is w(3)?
4
Let b(d) = -d**2 - 2*d + 4. Let j = -6 - -6. Suppose -x - 12 = k + 2*k, 2*x + 3*k + 9 = j. Calculate b(x).
-11
Let c be 30/(-20)*(-1 + 3). Let o(x) = x**3 + 3*x**2 + 5*x + 3. Determine o(c).
-12
Let j(x) = 2*x - 9. Let s be j(4). Let u(k) = 14*k. Give u(s).
-14
Let q(u) = -u**2 + 4*u - 4. Suppose -9 = -5*n + 6. Suppose 2*a = n*a - 3. Determine q(a).
-1
Let z be 3*3/(-27)*-3. Let n(u) = -u**3 + 3*u**2 - u. Let r be n(2). Let c(x) = -r*x**2 + 3*x - 3*x. Determine c(z).
-2
Let t = 14 - 7. Suppose 2*b = 5*k + 7, -5*k + 3*k = -5*b + t. Let p(a) = 3*a**2 + a**3 - 6*a + b + 2*a**2 - a**2. Give p(-5).
6
Let x be (2 + -1 + 1)/1. Let a(n) = 0 + 3*n - n**2 - n**x - 1. Give a(2).
-3
Let p(l) = 2*l - 1. Let m(j) = -8*j + 5. Let g(k) = 2*m(k) + 10*p(k). Determine g(-3).
-12
Let w = -20 - -9. Let r = w - -15. Suppose 0 = -l + r. Let o(k) = -k**3 + 5*k**2 - 4*k + 6. Determine o(l).
6
Let v(x) be the first derivative of -4*x**3/3 + 3*x**2/2 - 2*x - 1. What is v(2)?
-12
Let v(t) be the second derivative of t**3/6 - t**2 + 7*t. Calculate v(-5).
-7
Let k = 1 + 0. Suppose 0 = 2*a - k - 1. Let q(n) = n**2 - n + 1. Give q(a).
1
Let n(w) be the second derivative of w**3/3 + w**2 - 25*w. Give n(5).
12
Suppose -121*s + 116*s + 10 = 0. Let o(v) be the second derivative of v**3/2 + v**2/2 + v. Calculate o(s).
7
Let f(b) be the third derivative of -b**5/60 - 5*b**4/24 - 2*b**3/3 - 2*b**2. Determine f(-5).
-4
Let u(h) = h**3 + 4*h**2 - 5*h - 3. Let t(p) = -5*p - 3. Let d(l) = 9*l + 6. Suppose -5*i + 7 = -8. Let w(m) = i*d(m) + 5*t(m). Let n be w(-4). Calculate u(n).
-3
Suppose -2*j + j = -5. Suppose x - 5 = 6*x + j*d, -5*d + 31 = -x. Let z(m) = m - 5. Calculate z(x).
-11
Let t(i) = -4. Let q(l) = -l - 5. Let a(u) = 2*q(u) - 3*t(u). Determine a(3).
-4
Suppose -5*r - 5*k = -35, r + 5*k - 10 = 13. Let z(h) = -2 + 4*h + 1 - 3 - 6*h. What is z(r)?
-10
Let q(b) = b**2 - 6*b + 7. Let k be q(7). Let j(l) = -l**2 + 14*l - 7. Let y be j(k). Let a(h) = -2*h - 7. Calculate a(y).
7
Let o(b) = -b + 13. Suppose -5*z = -0*z - 3*z. Give o(z).
13
Let x(n) = -n**2 + 8*n - 4. Let z(h) = 3*h**2 - 23*h + 12. Suppose 6*m - 3*m = -33. Let v(k) = m*x(k) - 4*z(k). Calculate v(4).
-4
Let p(q) be the second derivative of q**5/60 + 7*q**4/24 + q**3/3 + 7*q**2/2 - 4*q. Let d(s) be the first derivative of p(s). Calculate d(-7).
2
Let p(n) = -n - 11. Let u(g) = -g - 10. Let q(k) = 6*p(k) - 7*u(k). Calculate q(0).
4
Let q(m) be the third derivative of -1/24*m**4 - 3*m**2 + 1/60*m**6 + 1/3*m**3 + 0 + 0*m + 1/30*m**5. What is q(-2)?
-4
Let x be (-11)/(-2) + 5/(-10). Let s(y) = y**3 - 6*y**2 + 6*y. Give s(x).
5
Let o(y) = 2*y + 3*y + 3 - y**2 - 1. Let w be o(4). Let z(u) = -1 + 2*u**2 - w*u**2 + 3*u**2. Calculate z(1).
-2
Let d(y) = -6*y - 2. Let x(c) = -7*c - 2. Let o(w) = 4*d(w) - 3*x(w). What is o(-4)?
10
Let w(r) = -r + 1. Let g(n) = n**2 + n - 5. Let s(y) = -g(y) + 3*w(y). Give s(-6).
-4
Let s(u) = u - 9*u + 0*u - u**2 + u - 9. Suppose 4*p + 10 + 14 = 0. What is s(p)?
-3
Let y(t) be the second derivative of t**4/12 - 4*t**3/3 + 7*t**2/2 - t. Let k = -78 - -84. Calculate y(k).
-5
Let n(p) be the third derivative of p**7/840 + p**6/360 - p**4/8 + 3*p**3/2 + 4*p**2. Let c(y) be the first derivative of n(y). Determine c(0).
-3
Let q(g) = -3*g - 3. Let d(h) = -7*h - 7. Let y(t) = -2*d(t) + 5*q(t). Let n(z) = -3*z - 12. Let l(v) = -n(v) + 6*y(v). Calculate l(4).
-6
Suppose 0 = 5*y - 40 - 25. Suppose 0 = o + 2*o + 2*f + 28, 2*o - 5*f - y = 0. Let w(k) = -k**2 - 5*k + 4. What is w(o)?
-2
Let p(h) be the second derivative of -h**3/6 + 10*h. Let v(k) = -k + 4. Let s be v(8). Give p(s).
4
Let s(o) = o**3 - 6*o**2 + 5*o - 7. Let b be s(5). Let t(n) = n**3 + 6*n**2 - 8*n - 3. Determine t(b).
4
Let u(f) = -2*f**2 - 15*f + 16. Let z(h) = h**2 + 14*h - 15. Let q(b) = 2*u(b) + 3*z(b). Let c be q(11). Let o(t) = -t**2 + t + 1. Calculate o(c).
-5
Suppose -2*j = -3*j. Let w(o) = o + 1. Calculate w(j).
1
Let j(r) = -3 - 3*r**3 - 3*r**2 - 2*r - 2*r**3 + 3*r**3. Let d(h) = h**2 + 5*h - 3. Let i be d(-6). Let y = -5 + i. Give j(y).
5
Let z(y) = 2*y + 6. Suppose 36 - 10 = -2*o - 2*k, -4*o + 2*k = 64. Let w be ((-8)/10)/((-3)/o). Give z(w).
-2
Let z be (-218)/8 + 1/4. Let g = -7 - z. Suppose 4 = -4*w - g. Let d(b) = b + 1. Calculate d(w).
-5
Let f = 6 + -11. Suppose 2*m = -5*n - 11, m + 1 = 6*m + 3*n. Let t(c) = 4*c**2 - 2*c**m + 4*c + 0*c - c**2 - 2. What is t(f)?
3
Let t(g) be the third derivative of -g**5/60 - 7*g**4/24 + g**3/2 - 16*g**2. What is t(-8)?
-5
Let u(g) be the second derivative of -7*g**3/6 + 2*g. What is u(1)?
-7
Let w(i) = 18 + 7 + 10 - 28 + i**2 + 10*i. Calculate w(-9).
-2
Let m(j) = -j**2 - 5*j + 5. Suppose -b = 6*p - 2*p + 16, 3*b = 12. Suppose 3 = z + 1. Let c be z*(-2)/(-4)*p. What is m(c)?
5
Suppose -n + 2 = 6. Suppose -5*j + 4 = -3*r - 2, -21 = -3*j - 4*r. Let f = j + n. Let b(q) = -6*q - 1. Determine b(f).
5
Let b(a) = -a**2 - 6*a - 3. Suppose -4*g + 7*x = 3*x + 20, -3*g - 10 = 2*x. Give b(g).
5
Let w(l) = -7 - l + 8 + 4. Determine w(3).
2
Let x be 2/8 - 243/(-36). Let n(s) = s - 6. Calculate n(x).
1
Let u(j) = -112*j + 217*j + j**2 - 116*j. Calculate u(9).
-18
Let r = 6 - 11. Let c = r + 1. Let l(z) = 2 + 6*z - 5 + 13*z**2 - 12*z**2. What is l(c)?
-11
Let i(n) = 7*n - 3*n**3 + 2*n**3 + 4*n**2 - 129 + 122. Give i(5).
3
Let m be (-1 - -2)/1 - -2. Suppose m*v = -0*v - 6. Let s be (8 + v)*2/(-4). Let b(l) = l**2 + 3*l + 1. Determine b(s).
1
Let u(s) = -s**3 - 2*s**2 - 9*s - 6. Let d(f) = -f**3 - 2*f**2 - 8*f - 5. Let m(h) = -6*d(h) + 5*u(h). Calculate m(-2).
-6
Let y(m) = 4*m**2 - m - 2. Let c(t) = 3*t**2 - t - 3. Let v(n) = 3*c(n) - 2*y(n). What is v(4)?
7
Let k = 8 + -5. Let n(q) = q + 2 - 2*q**k + 0*q**2 + q**3 - q**2. Calculate n(-2).
4
Let c(z) = 2*z + 7. Let v(f) = f + 4. Let p(j) = 3*c(j) - 5*v(j). Give p(0).
1
Suppose 5*v - l + 3 = -2, -4*v + l = 3. Let s(u) = u**2 + 1. Determine s(v).
5
Let y(g) = 4*g - 6. Let o(c) = -c**3 + c**2 + c + 1. Let s be o(0). Let r(j) = -s + 3 + 3 - 3*j. Let d(l) = -6*r(l) - 5*y(l). Determine d(4).
-8
Let b(l) be the second derivative of l**5/20 + l**4/3 - l**3/6 + 3*l**2/2 - 8*l. Calculate b(-5).
-17
Let s be 0*1*(-2)/4. Suppose 12 = 4*c - s. Let g(p) = p**2 - 7*p - c - 3 + 4*p. Give g(5).
4
Let l = 52 + -30. Let k = 16 - l. Let o(b) = -b**2 - 7*b - 9. What is o(k)?
-3
Let f(c) = -5*c**3 + c**2 + 2*c + 1. Let i be f(-1). Suppose 4*j = -i - 3. Let n be (-1 + 1)*1/j. Let q(z) = z**3 - z**2 + z + 5. Calculate q(n).
5
Let o(t) = 4*t - 1. Let s be 5 + -1 + (-3)/1. Give o(s).
3
Let s(u) = u - 2. Let i(f) = 3*f + 11. Let p(k) = -6*k - 21. Let n(h) = -7*i(h) - 4*p(h). Let t be n(-5). Let m = t + 12. Calculate s(m).
2
Let z(q) = 2*q - 5 - 1 + 9. What is z(-5)?
-7
Suppose 0 = -2*y + 4. Suppose y*t + u + 2 = -u, -t + 7 = 5*u. Let q(z) be the third derivative of z**4/24 + z**3/6 + 2*z**2. What is q(t)?
-2
Let u(d) = 36*d**2 - 20*d**2 + 4 - 17*d**2. Suppose r = 3*r. Give u(r).
4
Let j(c) = 2 - 2 - 2*c**3 - 4*c**2 + 1 + 4*c**3 + 2*c. Let b be (-15)/10*(-8)/6. Determine j(b).
5
Let r(z) = z**3 + z**2 - z + 3. Let c be 1 + -5 - (-2 + 10)/(-2). Give r(c).
3
Let a(t) be the first derivative of -t**3/6 - 3*t**2 + 11*t + 2. Let s(y) be the first derivative of a(y). Let k = -7 + 4. Give s(k).
-3
Suppose -5*i = -2*b - 9, -4 = -3*i + 2*b + 3. Let x = i - 3. Let t(